{"id":14715,"date":"2021-08-17T17:39:37","date_gmt":"2021-08-17T15:39:37","guid":{"rendered":"https:\/\/culturesco.com\/?post_type=product&#038;p=14715"},"modified":"2021-08-17T18:13:49","modified_gmt":"2021-08-17T16:13:49","slug":"crossroads-dans-l-ombre-de-jimi-hendrix-livre-roman-serge-de-bono","status":"publish","type":"product","link":"https:\/\/culturesco.com\/index.php\/produit\/crossroads-dans-l-ombre-de-jimi-hendrix-livre-roman-serge-de-bono\/","title":{"rendered":"Crossroads, dans l&rsquo;ombre de Jimi Hendrix"},"content":{"rendered":"<p style=\"text-align: justify;\">Septembre 2000. Le jeune Johnny se rend \u00e0 Seattle, \u00e0 l\u2019enterrement de son p\u00e8re, qu\u2019il n\u2019a pas revu depuis neuf ans. Ce guitariste de blues respect\u00e9, que l\u2019on surnommait \u201cMachine Gun\u201d, lui a l\u00e9gu\u00e9 une guitare\u2026 ainsi qu\u2019une myst\u00e9rieuse cassette audio. En l\u2019\u00e9coutant, Johnny va d\u00e9couvrir les liens qui unissaient son p\u00e8re \u00e0 Jimi Hendrix, et basculer dans la l\u00e9gende du \u201cCrossroads\u201d de Clarksdale (Mississippi), c\u00e9l\u00e8bre carrefour entre la Route\u202f49 et la Route 61\u2026<\/p>\n<h2>Une \u201cl\u00e9gende\u201d adapt\u00e9e avec subtilit\u00e9 et inventivit\u00e9, tout autant qu&rsquo;une illustration \u00e9mouvante des relations p\u00e8re-fils\u2026<\/h2>\n<p>Un livre de Serge de Bono, dessins de Jos\u00e9 Correa.<br \/>\nMaison d&rsquo;\u00e9dition : \u00c9ditions AO &#8211; Andr\u00e9 Odemard octobre 2018.<\/p>\n<p><img data-recalc-dims=\"1\" loading=\"lazy\" decoding=\"async\" class=\"aligncenter wp-image-14717 size-medium\" src=\"https:\/\/i0.wp.com\/culturesco.com\/wp-content\/uploads\/2021\/08\/crossroads-Couverture_748-1.jpg?resize=190%2C300&#038;ssl=1\" alt=\"crossroads dans l'ombre de jimi hendrix\" width=\"190\" height=\"300\" srcset=\"https:\/\/i0.wp.com\/culturesco.com\/wp-content\/uploads\/2021\/08\/crossroads-Couverture_748-1.jpg?resize=190%2C300&amp;ssl=1 190w, https:\/\/i0.wp.com\/culturesco.com\/wp-content\/uploads\/2021\/08\/crossroads-Couverture_748-1.jpg?resize=398%2C627&amp;ssl=1 398w, https:\/\/i0.wp.com\/culturesco.com\/wp-content\/uploads\/2021\/08\/crossroads-Couverture_748-1.jpg?resize=266%2C420&amp;ssl=1 266w, https:\/\/i0.wp.com\/culturesco.com\/wp-content\/uploads\/2021\/08\/crossroads-Couverture_748-1.jpg?w=381&amp;ssl=1 381w\" sizes=\"auto, (max-width: 190px) 100vw, 190px\" \/><\/p>\n<h3>Commentaires :<\/h3>\n<p style=\"text-align: justify;\">\u00abVous aimez les errances, la musique du hasard telle que <a href=\"https:\/\/fr.wikipedia.org\/wiki\/Paul_Auster\" target=\"_blank\" rel=\"noopener\">Paul Auster<\/a> l\u2019a d\u00e9crite, les phrases subliminales qui vous guident vers le bras d\u2019une platine vinyle ? N\u2019h\u00e9sitez pas un instant, <a href=\"https:\/\/culturesco.com\/index.php\/2020\/07\/02\/serge-de-bono-crossroads-dans-l-ombre-de-jimi-hendrix-roman-fiction\/\" target=\"_blank\" rel=\"noopener\">ce livre est pour vous.<\/a> Ressentez comme, d\u00e9j\u00e0, il vous appelle\u2026\u00bb<\/p>\n","protected":false},"excerpt":{"rendered":"<p>Crossroads, dans l&rsquo;ombre de Jimi Hendrix, un roman de Serge De Bono<\/p>\n<p>Livre papier [Broch\u00e9]<br \/>\nformat 130 x 205 &#8211; 200 pages<\/p>\n<p>Synopsis : Son p\u00e8re d\u00e9c\u00e9d\u00e9, Johnny Gun rejoint Seattle pour r\u00e9gler la succession. Les deux hommes se sont quitt\u00e9s neuf ans plus t\u00f4t et ne se sont plus dit un mot. Suite au legs du p\u00e8re au fils, les portes du pass\u00e9 et du devenir vont s\u2019ouvrir. Qui de la Gibson de collection ou de la cassette \u00e0 le plus de valeur ? Une cassette ? Un ruban magn\u00e9tique marron enroul\u00e9 sur lui-m\u00eame et au sein duquel un p\u00e8re, \u00ab Machine Gun \u00bb, se raconte. Soudain, dans cet appartement trop bien rang\u00e9, Jimi Hendrix surgit, un ami d\u2019adolescence. Jimi Hendrix !!! Le Divin Gaucher.<\/p>\n","protected":false},"featured_media":14717,"comment_status":"open","ping_status":"closed","template":"","meta":{"jetpack_post_was_ever_published":false,"tdm_status":"","tdm_grid_status":""},"product_brand":[],"product_cat":[14034],"product_tag":[],"class_list":{"0":"post-14715","1":"product","2":"type-product","3":"status-publish","4":"has-post-thumbnail","6":"product_cat-livre","8":"first","9":"instock","10":"product-type-external"},"yoast_head":"<!-- This site is optimized with the Yoast SEO plugin v27.5 - https:\/\/yoast.com\/product\/yoast-seo-wordpress\/ -->\n<title>Crossroads, dans l&#039;ombre de Jimi Hendrix - Culturesco<\/title>\n<meta name=\"description\" content=\"Crossroads, dans l&#039;ombre de Jimi Hendrix, un roman de Serge De Bono. Quels sont les liens entre Johnny, Jimmy Gun et le grand Jimi Hendrix?\" \/>\n<meta name=\"robots\" content=\"index, follow, max-snippet:-1, max-image-preview:large, max-video-preview:-1\" \/>\n<link rel=\"canonical\" href=\"https:\/\/culturesco.com\/index.php\/produit\/crossroads-dans-l-ombre-de-jimi-hendrix-livre-roman-serge-de-bono\/\" \/>\n<meta property=\"og:locale\" content=\"fr_FR\" \/>\n<meta property=\"og:type\" content=\"article\" \/>\n<meta property=\"og:title\" content=\"Crossroads, dans l&#039;ombre de Jimi Hendrix - Culturesco\" \/>\n<meta property=\"og:description\" content=\"Crossroads, dans l&#039;ombre de Jimi Hendrix, un roman de Serge De Bono. Quels sont les liens entre Johnny, Jimmy Gun et le grand Jimi Hendrix?\" \/>\n<meta property=\"og:url\" content=\"https:\/\/culturesco.com\/index.php\/produit\/crossroads-dans-l-ombre-de-jimi-hendrix-livre-roman-serge-de-bono\/\" \/>\n<meta property=\"og:site_name\" content=\"Culturesco\" \/>\n<meta property=\"article:publisher\" content=\"https:\/\/www.facebook.com\/radioculturesco\" \/>\n<meta property=\"article:modified_time\" content=\"2021-08-17T16:13:49+00:00\" \/>\n<meta property=\"og:image\" content=\"https:\/\/i1.wp.com\/culturesco.com\/wp-content\/uploads\/2021\/08\/crossroads-Couverture_748-1.jpg?fit=381%2C600&ssl=1\" \/>\n\t<meta property=\"og:image:width\" content=\"381\" \/>\n\t<meta property=\"og:image:height\" content=\"600\" \/>\n\t<meta property=\"og:image:type\" content=\"image\/jpeg\" \/>\n<meta name=\"twitter:card\" content=\"summary_large_image\" \/>\n<meta name=\"twitter:site\" content=\"@AugusteMarshal\" \/>\n<meta name=\"twitter:label1\" content=\"Dur\u00e9e de lecture estim\u00e9e\" \/>\n\t<meta name=\"twitter:data1\" content=\"1 minute\" \/>\n<script type=\"application\/ld+json\" class=\"yoast-schema-graph\">{\"@context\":\"https:\\\/\\\/schema.org\",\"@graph\":[{\"@type\":\"WebPage\",\"@id\":\"https:\\\/\\\/culturesco.com\\\/index.php\\\/produit\\\/crossroads-dans-l-ombre-de-jimi-hendrix-livre-roman-serge-de-bono\\\/\",\"url\":\"https:\\\/\\\/culturesco.com\\\/index.php\\\/produit\\\/crossroads-dans-l-ombre-de-jimi-hendrix-livre-roman-serge-de-bono\\\/\",\"name\":\"Crossroads, dans l'ombre de Jimi Hendrix - Culturesco\",\"isPartOf\":{\"@id\":\"https:\\\/\\\/culturesco.com\\\/#website\"},\"primaryImageOfPage\":{\"@id\":\"https:\\\/\\\/culturesco.com\\\/index.php\\\/produit\\\/crossroads-dans-l-ombre-de-jimi-hendrix-livre-roman-serge-de-bono\\\/#primaryimage\"},\"image\":{\"@id\":\"https:\\\/\\\/culturesco.com\\\/index.php\\\/produit\\\/crossroads-dans-l-ombre-de-jimi-hendrix-livre-roman-serge-de-bono\\\/#primaryimage\"},\"thumbnailUrl\":\"https:\\\/\\\/i0.wp.com\\\/culturesco.com\\\/wp-content\\\/uploads\\\/2021\\\/08\\\/crossroads-Couverture_748-1.jpg?fit=381%2C600&ssl=1\",\"datePublished\":\"2021-08-17T15:39:37+00:00\",\"dateModified\":\"2021-08-17T16:13:49+00:00\",\"description\":\"Crossroads, dans l'ombre de Jimi Hendrix, un roman de Serge De Bono. Quels sont les liens entre Johnny, Jimmy Gun et le grand Jimi Hendrix?\",\"breadcrumb\":{\"@id\":\"https:\\\/\\\/culturesco.com\\\/index.php\\\/produit\\\/crossroads-dans-l-ombre-de-jimi-hendrix-livre-roman-serge-de-bono\\\/#breadcrumb\"},\"inLanguage\":\"fr-FR\",\"potentialAction\":[{\"@type\":\"ReadAction\",\"target\":[\"https:\\\/\\\/culturesco.com\\\/index.php\\\/produit\\\/crossroads-dans-l-ombre-de-jimi-hendrix-livre-roman-serge-de-bono\\\/\"]}]},{\"@type\":\"ImageObject\",\"inLanguage\":\"fr-FR\",\"@id\":\"https:\\\/\\\/culturesco.com\\\/index.php\\\/produit\\\/crossroads-dans-l-ombre-de-jimi-hendrix-livre-roman-serge-de-bono\\\/#primaryimage\",\"url\":\"https:\\\/\\\/i0.wp.com\\\/culturesco.com\\\/wp-content\\\/uploads\\\/2021\\\/08\\\/crossroads-Couverture_748-1.jpg?fit=381%2C600&ssl=1\",\"contentUrl\":\"https:\\\/\\\/i0.wp.com\\\/culturesco.com\\\/wp-content\\\/uploads\\\/2021\\\/08\\\/crossroads-Couverture_748-1.jpg?fit=381%2C600&ssl=1\",\"width\":381,\"height\":600,\"caption\":\"crossroads dans l'ombre de jimi hendrix\"},{\"@type\":\"BreadcrumbList\",\"@id\":\"https:\\\/\\\/culturesco.com\\\/index.php\\\/produit\\\/crossroads-dans-l-ombre-de-jimi-hendrix-livre-roman-serge-de-bono\\\/#breadcrumb\",\"itemListElement\":[{\"@type\":\"ListItem\",\"position\":1,\"name\":\"Accueil\",\"item\":\"https:\\\/\\\/culturesco.com\\\/\"},{\"@type\":\"ListItem\",\"position\":2,\"name\":\"Boutique\",\"item\":\"https:\\\/\\\/culturesco.com\\\/index.php\\\/boutique\\\/\"},{\"@type\":\"ListItem\",\"position\":3,\"name\":\"Crossroads, dans l&rsquo;ombre de Jimi Hendrix\"}]},{\"@type\":\"WebSite\",\"@id\":\"https:\\\/\\\/culturesco.com\\\/#website\",\"url\":\"https:\\\/\\\/culturesco.com\\\/\",\"name\":\"Culturesco\",\"description\":\"Culturesco | Un bon coup de pied dans ta Culture\",\"publisher\":{\"@id\":\"https:\\\/\\\/culturesco.com\\\/#organization\"},\"potentialAction\":[{\"@type\":\"SearchAction\",\"target\":{\"@type\":\"EntryPoint\",\"urlTemplate\":\"https:\\\/\\\/culturesco.com\\\/?s={search_term_string}\"},\"query-input\":{\"@type\":\"PropertyValueSpecification\",\"valueRequired\":true,\"valueName\":\"search_term_string\"}}],\"inLanguage\":\"fr-FR\"},{\"@type\":\"Organization\",\"@id\":\"https:\\\/\\\/culturesco.com\\\/#organization\",\"name\":\"CULTURESCO\",\"url\":\"https:\\\/\\\/culturesco.com\\\/\",\"logo\":{\"@type\":\"ImageObject\",\"inLanguage\":\"fr-FR\",\"@id\":\"https:\\\/\\\/culturesco.com\\\/#\\\/schema\\\/logo\\\/image\\\/\",\"url\":\"https:\\\/\\\/i0.wp.com\\\/culturesco.com\\\/wp-content\\\/uploads\\\/2022\\\/04\\\/culturesco-logo-blanc250p.png?fit=250%2C250&ssl=1\",\"contentUrl\":\"https:\\\/\\\/i0.wp.com\\\/culturesco.com\\\/wp-content\\\/uploads\\\/2022\\\/04\\\/culturesco-logo-blanc250p.png?fit=250%2C250&ssl=1\",\"width\":250,\"height\":250,\"caption\":\"CULTURESCO\"},\"image\":{\"@id\":\"https:\\\/\\\/culturesco.com\\\/#\\\/schema\\\/logo\\\/image\\\/\"},\"sameAs\":[\"https:\\\/\\\/www.facebook.com\\\/radioculturesco\",\"https:\\\/\\\/x.com\\\/AugusteMarshal\",\"https:\\\/\\\/www.instagram.com\\\/carotte_rock_culture\\\/\",\"https:\\\/\\\/www.pinterest.fr\\\/augustemarshal\\\/\",\"https:\\\/\\\/www.youtube.com\\\/channel\\\/UCiWLGffqWSXlNnfzp6YwwyQ\"]}]}<\/script>\n<!-- \/ Yoast SEO plugin. -->","yoast_head_json":{"title":"Crossroads, dans l'ombre de Jimi Hendrix - Culturesco","description":"Crossroads, dans l'ombre de Jimi Hendrix, un roman de Serge De Bono. Quels sont les liens entre Johnny, Jimmy Gun et le grand Jimi Hendrix?","robots":{"index":"index","follow":"follow","max-snippet":"max-snippet:-1","max-image-preview":"max-image-preview:large","max-video-preview":"max-video-preview:-1"},"canonical":"https:\/\/culturesco.com\/index.php\/produit\/crossroads-dans-l-ombre-de-jimi-hendrix-livre-roman-serge-de-bono\/","og_locale":"fr_FR","og_type":"article","og_title":"Crossroads, dans l'ombre de Jimi Hendrix - Culturesco","og_description":"Crossroads, dans l'ombre de Jimi Hendrix, un roman de Serge De Bono. Quels sont les liens entre Johnny, Jimmy Gun et le grand Jimi Hendrix?","og_url":"https:\/\/culturesco.com\/index.php\/produit\/crossroads-dans-l-ombre-de-jimi-hendrix-livre-roman-serge-de-bono\/","og_site_name":"Culturesco","article_publisher":"https:\/\/www.facebook.com\/radioculturesco","article_modified_time":"2021-08-17T16:13:49+00:00","og_image":[{"width":381,"height":600,"url":"https:\/\/i1.wp.com\/culturesco.com\/wp-content\/uploads\/2021\/08\/crossroads-Couverture_748-1.jpg?fit=381%2C600&ssl=1","type":"image\/jpeg"}],"twitter_card":"summary_large_image","twitter_site":"@AugusteMarshal","twitter_misc":{"Dur\u00e9e de lecture estim\u00e9e":"1 minute"},"schema":{"@context":"https:\/\/schema.org","@graph":[{"@type":"WebPage","@id":"https:\/\/culturesco.com\/index.php\/produit\/crossroads-dans-l-ombre-de-jimi-hendrix-livre-roman-serge-de-bono\/","url":"https:\/\/culturesco.com\/index.php\/produit\/crossroads-dans-l-ombre-de-jimi-hendrix-livre-roman-serge-de-bono\/","name":"Crossroads, dans l'ombre de Jimi Hendrix - Culturesco","isPartOf":{"@id":"https:\/\/culturesco.com\/#website"},"primaryImageOfPage":{"@id":"https:\/\/culturesco.com\/index.php\/produit\/crossroads-dans-l-ombre-de-jimi-hendrix-livre-roman-serge-de-bono\/#primaryimage"},"image":{"@id":"https:\/\/culturesco.com\/index.php\/produit\/crossroads-dans-l-ombre-de-jimi-hendrix-livre-roman-serge-de-bono\/#primaryimage"},"thumbnailUrl":"https:\/\/i0.wp.com\/culturesco.com\/wp-content\/uploads\/2021\/08\/crossroads-Couverture_748-1.jpg?fit=381%2C600&ssl=1","datePublished":"2021-08-17T15:39:37+00:00","dateModified":"2021-08-17T16:13:49+00:00","description":"Crossroads, dans l'ombre de Jimi Hendrix, un roman de Serge De Bono. Quels sont les liens entre Johnny, Jimmy Gun et le grand Jimi Hendrix?","breadcrumb":{"@id":"https:\/\/culturesco.com\/index.php\/produit\/crossroads-dans-l-ombre-de-jimi-hendrix-livre-roman-serge-de-bono\/#breadcrumb"},"inLanguage":"fr-FR","potentialAction":[{"@type":"ReadAction","target":["https:\/\/culturesco.com\/index.php\/produit\/crossroads-dans-l-ombre-de-jimi-hendrix-livre-roman-serge-de-bono\/"]}]},{"@type":"ImageObject","inLanguage":"fr-FR","@id":"https:\/\/culturesco.com\/index.php\/produit\/crossroads-dans-l-ombre-de-jimi-hendrix-livre-roman-serge-de-bono\/#primaryimage","url":"https:\/\/i0.wp.com\/culturesco.com\/wp-content\/uploads\/2021\/08\/crossroads-Couverture_748-1.jpg?fit=381%2C600&ssl=1","contentUrl":"https:\/\/i0.wp.com\/culturesco.com\/wp-content\/uploads\/2021\/08\/crossroads-Couverture_748-1.jpg?fit=381%2C600&ssl=1","width":381,"height":600,"caption":"crossroads dans l'ombre de jimi hendrix"},{"@type":"BreadcrumbList","@id":"https:\/\/culturesco.com\/index.php\/produit\/crossroads-dans-l-ombre-de-jimi-hendrix-livre-roman-serge-de-bono\/#breadcrumb","itemListElement":[{"@type":"ListItem","position":1,"name":"Accueil","item":"https:\/\/culturesco.com\/"},{"@type":"ListItem","position":2,"name":"Boutique","item":"https:\/\/culturesco.com\/index.php\/boutique\/"},{"@type":"ListItem","position":3,"name":"Crossroads, dans l&rsquo;ombre de Jimi Hendrix"}]},{"@type":"WebSite","@id":"https:\/\/culturesco.com\/#website","url":"https:\/\/culturesco.com\/","name":"Culturesco","description":"Culturesco | Un bon coup de pied dans ta Culture","publisher":{"@id":"https:\/\/culturesco.com\/#organization"},"potentialAction":[{"@type":"SearchAction","target":{"@type":"EntryPoint","urlTemplate":"https:\/\/culturesco.com\/?s={search_term_string}"},"query-input":{"@type":"PropertyValueSpecification","valueRequired":true,"valueName":"search_term_string"}}],"inLanguage":"fr-FR"},{"@type":"Organization","@id":"https:\/\/culturesco.com\/#organization","name":"CULTURESCO","url":"https:\/\/culturesco.com\/","logo":{"@type":"ImageObject","inLanguage":"fr-FR","@id":"https:\/\/culturesco.com\/#\/schema\/logo\/image\/","url":"https:\/\/i0.wp.com\/culturesco.com\/wp-content\/uploads\/2022\/04\/culturesco-logo-blanc250p.png?fit=250%2C250&ssl=1","contentUrl":"https:\/\/i0.wp.com\/culturesco.com\/wp-content\/uploads\/2022\/04\/culturesco-logo-blanc250p.png?fit=250%2C250&ssl=1","width":250,"height":250,"caption":"CULTURESCO"},"image":{"@id":"https:\/\/culturesco.com\/#\/schema\/logo\/image\/"},"sameAs":["https:\/\/www.facebook.com\/radioculturesco","https:\/\/x.com\/AugusteMarshal","https:\/\/www.instagram.com\/carotte_rock_culture\/","https:\/\/www.pinterest.fr\/augustemarshal\/","https:\/\/www.youtube.com\/channel\/UCiWLGffqWSXlNnfzp6YwwyQ"]}]}},"jetpack_likes_enabled":true,"jetpack_sharing_enabled":true,"_links":{"self":[{"href":"https:\/\/culturesco.com\/index.php\/wp-json\/wp\/v2\/product\/14715","targetHints":{"allow":["GET"]}}],"collection":[{"href":"https:\/\/culturesco.com\/index.php\/wp-json\/wp\/v2\/product"}],"about":[{"href":"https:\/\/culturesco.com\/index.php\/wp-json\/wp\/v2\/types\/product"}],"replies":[{"embeddable":true,"href":"https:\/\/culturesco.com\/index.php\/wp-json\/wp\/v2\/comments?post=14715"}],"wp:featuredmedia":[{"embeddable":true,"href":"https:\/\/culturesco.com\/index.php\/wp-json\/wp\/v2\/media\/14717"}],"wp:attachment":[{"href":"https:\/\/culturesco.com\/index.php\/wp-json\/wp\/v2\/media?parent=14715"}],"wp:term":[{"taxonomy":"product_brand","embeddable":true,"href":"https:\/\/culturesco.com\/index.php\/wp-json\/wp\/v2\/product_brand?post=14715"},{"taxonomy":"product_cat","embeddable":true,"href":"https:\/\/culturesco.com\/index.php\/wp-json\/wp\/v2\/product_cat?post=14715"},{"taxonomy":"product_tag","embeddable":true,"href":"https:\/\/culturesco.com\/index.php\/wp-json\/wp\/v2\/product_tag?post=14715"}],"curies":[{"name":"wp","href":"https:\/\/api.w.org\/{rel}","templated":true}]}}